01101111101100100 (base 2) to base 16.
-66df64
Convert 45391 (base 13) to base 7.
1032631
What is -11b79c (base 16) in base 15?
-17e07b
Convert -243110133 (base 5) to base 15.
-179148
Convert -23113012 (base 5) to base 7.
-1522151
Convert -60c268 (base 14) to base 13.
-8a2008
-1444422 (base 7) to base 9
-327850
-1473875 (base 10) to base 13
-3c7b20
Convert 171124 (base 9) to base 6.
2133504
What is -1314322433 (base 5) in base 9?
-6143606
-11121102133 (base 4) to base 3
-2122212001121
What is 202021210 (base 3) in base 4?
3213012
Convert -10011011111000001001111 (base 2) to base 14.
-96d623
2012024041 (base 5) to base 12
1418a70
-224601 (base 8) to base 9
-125423
What is -1444502 (base 8) in base 4?
-1210211002
Convert 2113562 (base 7) to base 6.
5252212
What is 100101101001111000010 (base 2) in base 5?
303440413
Convert -1111001110111111111 (base 2) to base 12.
-200a7b
11100011011000101101 (base 2) to base 12
38aba5
122311303 (base 4) to base 5
12004224
Convert 43104441 (base 5) to base 11.
228900
Convert -1141001 (base 5) to base 16.
-5380
What is -166ddc (base 14) in base 12?
-31b8b2
Convert -25324 (base 15) to base 8.
-350062
What is -264a70b (base 12) in base 14?
-100d511
What is 11100110010010001010 (base 2) in base 11?
594743
What is -2031132 (base 5) in base 2?
-1000001000001100
Convert 1506620 (base 7) to base 16.
31d12
What is 515213 (base 6) in base 7?
231342
15c9b2 (base 14) to base 13
20a121
-1219917 (base 10) to base 6
-42051433
What is 1100001000101110000 (base 2) in base 13?
10c01a
What is 1122102320 (base 4) in base 14?
98ada
What is 14043013 (base 5) in base 10?
143508
Convert -b88c7 (base 13) to base 15.
-68b27
-3241413 (base 5) to base 13
-1c56a
Convert 53544470 (base 8) to base 16.
aec938
Convert -27e029 (base 16) to base 9.
-4822674
211211120122 (base 3) to base 8
1555716
5663475 (base 8) to base 4
11312130331
What is 165830 (base 9) in base 8?
310517
What is -424057 (base 12) in base 5?
-231400104
559789 (base 10) to base 12
22bb51
What is -22e62e (base 15) in base 16?
-197624
Convert 3362251 (base 8) to base 11.
572092
266570 (base 12) to base 2
10011010100110100100
-a5961 (base 11) to base 16
-25a6d
Convert 1035404123 (base 6) to base 14.
16b1519
What is -10543661 (base 7) in base 10?
-918548
Convert -1080649 (base 15) to base 7.
-202162500
-105102 (base 13) to base 11
-241381
-2130460 (base 7) to base 16
-3f5da
2033155 (base 6) to base 4
113321333
Convert -21332301 (base 4) to base 9.
-62063
Convert -24968a4 (base 12) to base 15.
-9681e4
Convert 100221210101211 (base 3) to base 12.
1931871
What is -172ba5 (base 14) in base 10?
-814525
Convert 22231213301 (base 4) to base 16.
2ad9f1
Convert 100012201101 (base 3) to base 2.
101100010001000011
21704a (base 13) to base 15
1080e3
-1222120221 (base 3) to base 14
-10347
44303 (base 9) to base 13
10500
What is 1001102120001 (base 3) in base 15?
b0bd4
What is -26855 (base 12) in base 15?
-10ac2
-342311030 (base 5) to base 2
-101110100100000000101
What is 11949a1 (base 12) in base 8?
15052611
-86561 (base 14) to base 11
-202085
Convert 2809075 (base 11) to base 16.
49e847
-9021a (base 13) to base 16
-3ed82
d3e9 (base 16) to base 15
11119
What is -110130222 (base 5) in base 15?
-955c7
-40440230 (base 5) to base 6
-11004301
Convert 2312030300 (base 4) to base 15.
eb1c8
-5373b (base 14) to base 6
-4153545
10134525 (base 6) to base 4
1013130311
What is 1595608 (base 10) in base 5?
402024413
Convert -3505e8 (base 15) to base 16.
-26a4f1
What is 10202102021 (base 3) in base 8?
220315
68ce0 (base 15) to base 6
11052420
Convert 153bb2 (base 13) to base 11.
327786
What is -27158 (base 10) in base 15?
-80a8
-1231210413 (base 5) to base 10
-2991358
What is -1312000220 (base 4) in base 9?
-816045
Convert 1b6ccb5 (base 13) to base 4.
202300112122
-39048 (base 14) to base 5
-13440013
Convert 312100140 (base 5) to base 13.
35c817
What is 462627 (base 12) in base 13?
30485b
-20725057 (base 8) to base 12
-159a2bb
-616337 (base 9) to base 14
-972b8
What is 518b (base 16) in base 14?
7871
160538 (base 10) to base 9
264185
Convert 5426065 (base 8) to base 6.
51051205
1000010110110000101011 (base 2) to base 14
410359
What is 344234221 (base 5) in base 3?
2221000211101
What is -134221444 (base 5) in base 4?
-2221233101
What is -131514 (base 15) in base 14?
-19ba41
9234a9 (base 13) to base 10
3406165
What is 3539e (base 16) in base 9?
362047
What is 2330213312 (base 4) in base 15?
103db8
-4aca66 (base 13) to base 3
-10101101122200
What is 2a89b95 (base 12) in base 6?
505131505
5ceb23 (base 16) to base 2
10111001110101100100011
2311621 (base 7) to base 5
33220042
Convert 18b5884 (base 12) to base 8.
23710644
What is -10213133221 (base 4) in base 14?
-237133
Convert 1101111000110010 (base 2) to base 15.
11cc2
-24969 (base 15) to base 8
-344212
Convert -639c0 (base 14) to base 4.
-322300110
Convert -248777 (base 9) to base 7.
-1165453
What is 1870008 (base 10) in base 8?
7104270
Convert 3211555 (base 7) to base 2.
1011111000111010110
Convert -2140304 (base 5) to base 7.
-212511
Convert -35021506 (base 7) to base 2.
-1011101100000111001110
What is 13446412 (base 9) in base 2?
11001010110001011011001
Convert -11a9a4 (base 11) to base 4.
-232123331
-100111101110000001101100 (base 2) to base 4
-213232001230
76908 (base 11) to base 14
2c934
Convert 126922 (base 10) to base 11.
873a4
Convert -220022201200202 (base 3) to base 5.
-11302121110
Convert 464a4 (base 14) to base 2.
101001110000110000
Convert 3917b0 (base 12) to base 7.
10645554
-100454503 (base 6) to base 2
-110100011011111100111
What is -10110001110100 (base 2) in base 12?
-6704
What is -422d7 (base 14) in base 12?
-78531
What is 2180512 (base 10) in base 3?
11002210002201
Convert 22012010 (base 4) to base 14.
110d6
Convert 10112132323 (base 4) to base 2.
100010110011110111011
What is -3755714 (base 8) in base 12?
-421550
What is cc2398 (base 13) in base 7?
55553500
Convert 10465334 (base 7) to base 6.
31235212
Convert -1406787 (base 12) to base 4.
-33032303113
What is 171877b (base 12) in base 8?
22127517
What is 46cb6 (base 16) in base 6?
10114250
What is 8dcb50 (base 15) in base 14?
c85647
7336168 (base 9) to base 15
526d8e
Convert -456467 (base 11) to base 2.
-10110001001111000000
-110323311033 (base 4) to base 2
-10100111011110101001111
Convert -17d79 (base 15) to base 3.
-10221000120
Convert -1543510 (base 6) to base 3.
-11122120220
976a8 (base 12) to base 14
52ad2
What is -6705161 (base 9) in base 11?
-2043083
What is -5cc74a (base 14) in base 7?
-36032123
Convert 121000200211001 (base 3) to base 8.
40372245
-3bc05 (base 13) to base 10
-111883
Convert -9c26b (base 14) to base 13.
-103771
Convert 252a9 (base 14) to base 4.
112033111
Convert -20123313 (base 5) to base 4.
-213110323
What is 742300 (base 8) in base 3?
110112210021
What is 12000002 (base 4) in base 5?
1241303
Convert -16060075 (base 8) to base 13.
-9c48b1
-2013300002 (base 4) to base 3
-1001020201212
-22022122 (base 5) to base 15
-3b027
What is 130d0 (base 16) in base 8?
230320
Convert -1041020113 (base 5) to base 10.
-2282533
Convert 1855f (base 16) to base 12.
49827
-638617 (base 10) to base 16
-9be99
22000101231 (base 4) to base 8
12002155
What is -284737 (base 11) in base 7?
-3533443
Convert 162971 (base 10) to base 2.
100111110010011011
Convert -10211200210101 (base 3) to base 14.
-3b1b72
Convert -7310c (base 16) to base 6.
-14033552
222333110322 (base 4) to base 15
ec9159
Convert 202212012012112 (base 3) to base 5.
10314212243
What is -203304 (base 7) in base 13?
-12ab6
85378 (base 13) to base 14
636c7
What is -2a87a47 (base 12) in base 11?
-4971204
7cd82 (base 15) to base 5
100213142
Convert 10120100010021 (base 3) to base 4.
13032330121
Convert 144442141 (base 6) to base 14.
58983b
Convert 11136355 (base 8) to base 7.
26315264
What is -1123311103 (base 4) in base 2?
-1011011110101010011
8d1b3 (base 14) to base 10
343353
Convert 312320123331 (base 4) to base 8.
66703375
What is 11100111011000110011 (base 2) in base 3?
1210011002100
What is 119325 (base 11) in base 8?
557235
What is 41b907 (base 13) in base 10?
1539428
What is 42105155 (base 6) in base 13?
33a289
Convert 6163 (base 12) to base 4.
2211123
What is -3c583 (base 13) in base 8?
-334547
Convert -359852 (base